?
6
What is the units digit of 870104?
4
What is the thousands digit of 13456101?
6
What is the hundreds digit of 4761731?
7
What is the tens digit of 7049687?
8
What is the hundreds digit of 127644?
6
What is the thousands digit of 8502463?
2
What is the hundreds digit of 63662?
6
What is the hundreds digit of 2153826?
8
What is the tens digit of 24822553?
5
What is the millions digit of 1542282?
1
What is the ten millions digit of 10232778?
1
What is the ten thousands digit of 8636440?
3
What is the tens digit of 10348?
4
What is the thousands digit of 13442481?
2
What is the millions digit of 5787002?
5
What is the ten thousands digit of 14445820?
4
What is the tens digit of 98520?
2
What is the ten thousands digit of 6988678?
8
What is the ten thousands digit of 364753?
6
What is the units digit of 863610?
0
What is the hundreds digit of 10771433?
4
What is the tens digit of 6295793?
9
What is the hundreds digit of 990750?
7
What is the units digit of 1137651?
1
What is the ten millions digit of 24885523?
2
What is the thousands digit of 2189897?
9
What is the tens digit of 8233434?
3
What is the hundreds digit of 1346960?
9
What is the tens digit of 6651857?
5
What is the millions digit of 24049695?
4
What is the millions digit of 2046061?
2
What is the tens digit of 7852?
5
What is the tens digit of 218080?
8
What is the units digit of 16209?
9
What is the hundreds digit of 1472598?
5
What is the units digit of 464959?
9
What is the thousands digit of 42426174?
6
What is the hundred thousands digit of 1333521?
3
What is the units digit of 626989?
9
What is the units digit of 53896?
6
What is the ten thousands digit of 7710170?
1
What is the units digit of 163028?
8
What is the hundreds digit of 879694?
6
What is the ten thousands digit of 13555329?
5
What is the hundreds digit of 204781?
7
What is the units digit of 209606?
6
What is the units digit of 446973?
3
What is the units digit of 11580719?
9
What is the ten thousands digit of 7657552?
5
What is the ten thousands digit of 14024978?
2
What is the tens digit of 253486?
8
What is the thousands digit of 365034?
5
What is the hundred thousands digit of 260502?
2
What is the hundred thousands digit of 2152864?
1
What is the millions digit of 1685680?
1
What is the hundred thousands digit of 538487?
5
What is the units digit of 981097?
7
What is the units digit of 601433?
3
What is the hundreds digit of 707279?
2
What is the hundred thousands digit of 281621?
2
What is the millions digit of 3196032?
3
What is the hundred thousands digit of 284145?
2
What is the hundreds digit of 1818163?
1
What is the millions digit of 2601678?
2
What is the tens digit of 10540003?
0
What is the hundreds digit of 289561?
5
What is the thousands digit of 146293?
6
What is the ten thousands digit of 212035?
1
What is the thousands digit of 127250?
7
What is the units digit of 19311?
1
What is the tens digit of 1651941?
4
What is the units digit of 3020606?
6
What is the hundreds digit of 85148?
1
What is the millions digit of 1545760?
1
What is the tens digit of 3998916?
1
What is the thousands digit of 1411348?
1
What is the millions digit of 3750861?
3
What is the hundred thousands digit of 1729855?
7
What is the tens digit of 242949?
4
What is the tens digit of 1829166?
6
What is the hundreds digit of 8530343?
3
What is the hundred thousands digit of 510842?
5
What is the units digit of 11293872?
2
What is the millions digit of 28752922?
8
What is the units digit of 4502?
2
What is the ten thousands digit of 9467522?
6
What is the thousands digit of 2181250?
1
What is the thousands digit of 411052?
1
What is the hundred thousands digit of 1055318?
0
What is the tens digit of 259529?
2
What is the units digit of 66148?
8
What is the tens digit of 462576?
7
What is the units digit of 166410?
0
What is the units digit of 70685?
5
What is the hundreds digit of 674737?
7
What is the thousands digit of 580619?
0
What is the hundred thousands digit of 1354387?
3
What is the hundreds digit of 234290?
2
What is the tens digit of 5071008?
0
What is the hundred thousands digit of 158677?
1
What is the tens digit of 495422?
2
What is the hundreds digit of 309330?
3
What is the hundreds digit of 4837517?
5
What is the hundred thousands digit of 872699?
8
What is the millions digit of 14241351?
4
What is the hundred thousands digit of 2359593?
3
What is the hundreds digit of 233855?
8
What is the tens digit of 240159?
5
What is the ten thousands digit of 27643?
2
What is the hundreds digit of 4723637?
6
What is the units digit of 3426390?
0
What is the tens digit of 4791630?
3
What is the ten thousands digit of 500501?
0
What is the thousands digit of 265093?
5
What is the hundreds digit of 7967498?
4
What is the hundred thousands digit of 6347037?
3
What is the tens digit of 2423?
2
What is the hundreds digit of 3069653?
6
What is the ten thousands digit of 1471973?
7
What is the millions digit of 1294335?
1
What is the units digit of 146204?
4
What is the tens digit of 743608?
0
What is the hundred thousands digit of 5827521?
8
What is the hundreds digit of 475588?
5
What is the millions digit of 8047745?
8
What is the hundred thousands digit of 167795?
1
What is the millions digit of 14535591?
4
What is the hundreds digit of 395151?
1
What is the ten thousands digit of 7692148?
9
What is the hundred thousands digit of 1454315?
4
What is the millions digit of 6425759?
6
What is the ten thousands digit of 5965881?
6
What is the hundreds digit of 299696?
6
What is the units digit of 1275202?
2
What is the tens digit of 1321236?
3
What is the hundreds digit of 427930?
9
What is the ten thousands digit of 5307893?
0
What is the units digit of 2860610?
0
What is the units digit of 16557138?
8
What is the units digit of 578329?
9
What is the hundreds digit of 223108?
1
What is the thousands digit of 195537?
5
What is the thousands digit of 506738?
6
What is the thousands digit of 19221982?
1
What is the tens digit of 546695?
9
What is the millions digit of 10328685?
0
What is the thousands digit of 3395841?
5
What is the hundred thousands digit of 150735?
1
What is the hundred thousands digit of 881699?
8
What is the hundreds digit of 204341?
3
What is the units digit of 12897815?
5
What is the millions digit of 3843701?
3
What is the hundreds digit of 24983?
9
What is the millions digit of 2270818?
2
What is the units digit of 879763?
3
What is the hundred thousands digit of 1609099?
6
What is the hundred thousands digit of 4164014?
1
What is the tens digit of 2282740?
4
What is the thousands digit of 3445153?
5
What is the tens digit of 816903?
0
What is the hundred thousands digit of 208185?
2
What is the units digit of 5378661?
1
What is the thousands digit of 920483?
0
What is the hundreds digit of 745293?
2
What is the ten thousands digit of 4860576?
6
What is the ten thousands digit of 1594960?
9
What is the hundred thousands digit of 1654961?
6
What is the hundred thousands digit of 3885947?
8
What is the ten thousands digit of 1233192?
3
What is the tens digit of 4311172?
7
What is the ten thousands digit of 2080888?
8
What is the tens digit of 1344361?
6
What is the ten thousands digit of 262521?
6
What is the hundred thousands digit of 316247?
3
What is the hundreds digit of 5548911?
9
What is the ten thousands digit of 21547025?
4
What is the tens digit of 1565113?
1
What is the tens digit of 728849?
4
What is the tens digit of 372079?
7
What is the units digit of 450613?
3
What is the hundred thousands digit of 1551627?
5
What is the thousands digit of 103340?
3
What is the units digit of 386912?
2
What is the hundred thousands digit of 184818?
1
What is the thousands digit of 345029?
5
What is the units digit of 289538?
8
What is the thousands digit of 540073?
0
What is the thousands digit of 6451580?
1
What is the hundreds digit of 757549?
5
What is the units digit of 4930850?
0
What is the hundred thousands digit of 2150179?
1
What is the hundred thousands digit of 209705?
2
What is the thousands digit of 311623?
1
What is the units digit of 13049842?
2
What is the hundreds digit of 3512136?
1
What is the tens digit of 492253?
5
What is the hundred thousands digit of 738539?
7
What is the units digi